-2 + -512?
-514
In base 14, what is -7 - 5ad?
-5b6
In base 2, what is -100100 + 11?
-100001
In base 7, what is 3 - 50?
-44
In base 10, what is -5 + -593?
-598
In base 8, what is -73 - 14?
-107
In base 6, what is 204404 - 1?
204403
In base 13, what is 49 - -b?
57
In base 16, what is -2 - 20?
-22
In base 8, what is -101 + 22?
-57
In base 13, what is 12b + -4?
127
In base 5, what is -213 - 1?
-214
In base 4, what is 11 + 331?
1002
In base 3, what is -12011 - 0?
-12011
In base 5, what is 12203 - -3?
12211
In base 10, what is 10 - 287?
-277
In base 14, what is 255 - -2?
257
In base 6, what is 221331 + -3?
221324
In base 12, what is -4 - 89a?
-8a2
In base 7, what is 226 + 141?
400
In base 6, what is -1104 + -2?
-1110
In base 14, what is 1ca - -4?
1d0
In base 13, what is a66 + 2?
a68
In base 15, what is -5 + -3b?
-41
In base 2, what is -11 - -10101001000?
10101000101
In base 8, what is 11 + 360?
371
In base 10, what is 22 + 4?
26
In base 16, what is -12 - 144?
-156
In base 9, what is 4 + -37?
-33
In base 9, what is -2 + -135?
-137
In base 3, what is -2222 + -111?
-10110
In base 2, what is -100 + 1011000?
1010100
In base 11, what is 70 - 1?
6a
In base 11, what is -5 + -1106?
-1110
In base 13, what is 5 + -49?
-44
In base 9, what is -1236 + 44?
-1182
In base 8, what is -414 - 0?
-414
In base 4, what is 10 - -323011?
323021
In base 7, what is -2464 - 5?
-2502
In base 2, what is -110001001010 + 100?
-110001000110
In base 10, what is 3 - 92?
-89
In base 13, what is -c + -21?
-30
In base 12, what is -28 - -3?
-25
In base 16, what is -a2 + -16?
-b8
In base 12, what is 18 + -1ba?
-1a2
In base 5, what is 3 + -2013?
-2010
In base 12, what is -3b + -12?
-51
In base 7, what is 45 + 22?
100
In base 9, what is -2110 + 1?
-2108
In base 3, what is -11 + 1?
-10
In base 4, what is 211 + -21?
130
In base 12, what is 7a + 2?
80
In base 3, what is -2112 - 101?
-2220
In base 7, what is -2 - -545?
543
In base 12, what is -1 - -a5?
a4
In base 10, what is -1283 - -2?
-1281
In base 4, what is 212231 - 2?
212223
In base 4, what is 10 - -32032?
32102
In base 6, what is -1 - -13001?
13000
In base 5, what is -341112 + 10?
-341102
In base 7, what is -146 - -2?
-144
In base 3, what is 2 + -102?
-100
In base 6, what is 2342 - -4?
2350
In base 9, what is 80 - -4?
84
In base 12, what is 391 + -7?
386
In base 12, what is -8 - -1a?
12
In base 5, what is -1100 - -11?
-1034
In base 10, what is 190 + 4?
194
In base 15, what is 30 + -1?
2e
In base 9, what is -60 + 35?
-24
In base 2, what is -101011 - 11100?
-1000111
In base 10, what is 14 + 18?
32
In base 14, what is -a0 + 0?
-a0
In base 14, what is 5 + -72?
-6b
In base 3, what is 212 + -1022?
-110
In base 15, what is -13b - -44?
-e7
In base 14, what is -7 + -db?
-104
In base 8, what is 232 - 5?
225
In base 13, what is 48 - 7?
41
In base 10, what is -18 + 25?
7
In base 15, what is 1 - -5?
6
In base 5, what is 214 + 31?
300
In base 13, what is -b4 - 5?
-b9
In base 10, what is -2894 - -3?
-2891
In base 14, what is -78 - -5?
-73
In base 4, what is 1313 + -1?
1312
In base 2, what is 1 - -1101001001?
1101001010
In base 12, what is 3 + 35?
38
In base 7, what is -113 - -3?
-110
In base 9, what is -275 + 0?
-275
In base 13, what is -2789 - 0?
-2789
In base 6, what is 1 - -1512?
1513
In base 3, what is 1 + -1102?
-1101
In base 4, what is 1121 + -11?
1110
In base 2, what is -1011100110 - -1001?
-1011011101
In base 14, what is 7 + 121?
128
In base 9, what is -54 - 4?
-58
In base 6, what is -1 + 3112?
3111
In base 2, what is 1111110010 - 101?
1111101101
In base 10, what is 65 - -5?
70
In base 4, what is 31 + 1333?
2030
In base 11, what is -2290 - -2?
-2289
In base 6, what is 1245 - 31?
1214
In base 13, what is 151 - -6?
157
In base 16, what is -45 - -57?
12
In base 10, what is -1 - -691?
690
In base 5, what is -2 - 133?
-140
In base 6, what is -5 - 335?
-344
In base 6, what is -51 + -5?
-100
In base 7, what is -13 - 254?
-300
In base 14, what is -6578 - 5?
-657d
In base 5, what is 3 + -2123?
-2120
In base 3, what is 21 - -12?
110
In base 11, what is -79 + -1a0?
-269
In base 9, what is 8 - 48?
-40
In base 4, what is -3 + 232?
223
In base 8, what is 50 + 425?
475
In base 5, what is 2240 + -13?
2222
In base 8, what is 15 - -401?
416
In base 3, what is 2 - 101121?
-101112
In base 4, what is 203 + -21?
122
In base 2, what is -1001000 - 10011?
-1011011
In base 4, what is -10 - -13011?
13001
In base 13, what is -8 - 20?
-28
In base 4, what is -12223 - -32?
-12131
In base 5, what is 31 + -142?
-111
In base 7, what is -1 - 5360?
-5361
In base 9, what is 40 + -22?
17
In base 11, what is -430a + -2?
-4311
In base 14, what is -2 - -3033?
3031
In base 7, what is -1 + 452?
451
In base 14, what is 1007 + 3?
100a
In base 13, what is -2b8 + 0?
-2b8
In base 2, what is 10000101001 - -11?
10000101100
In base 15, what is 11 + 13?
24
In base 2, what is -11110010 + 0?
-11110010
In base 11, what is 3 + 495?
498
In base 12, what is -34 - a?
-42
In base 6, what is -2 + 1114?
1112
In base 7, what is 24 - 114?
-60
In base 3, what is -111 + 12?
-22
In base 11, what is 12 - 13?
-1
In base 5, what is -3 - -1311?
1303
In base 5, what is 0 - -3?
3
In base 11, what is 2a5 - -11?
306
In base 5, what is 3131 + -23?
3103
In base 2, what is -1001 + -1110111?
-10000000
In base 16, what is -3 - 2fd?
-300
In base 6, what is 33 + 34?
111
In base 16, what is 5 - -4?
9
In base 5, what is -221 - 21?
-242
In base 6, what is -3 - 4042?
-4045
In base 8, what is -55024 - -1?
-55023
In base 6, what is -12 - -30?
14
In base 11, what is 1505 + 0?
1505
In base 14, what is -5 + 255?
250
In base 3, what is -2 + -1202210?
-1202212
In base 14, what is 3 + 2a9d?
2aa2
In base 14, what is 1c8 + 5?
1cd
In base 13, what is 3 - -b5?
b8
In base 14, what is 3 + b?
10
In base 11, what is -7 + -2855?
-2861
In base 3, what is 2 + 211112?
211121
In base 4, what is 11 + -213312?
-213301
In base 13, what is -3 + -65?
-68
In base 14, what is -7 + -50?
-57
In base 6, what is -2 + 54314?
54312
In base 6, what is 130 + -4?
122
In base 14, what is 4542 + -4?
453c
In base 15, what is -1 - 55?
-56
In base 11, what is 94 + 15?
a9
In base 12, what is 496 + 4?
49a
In base 16, what is -51 - 1?
-52
In base 10, what is -218 - -7?
-211
In base 10, what is -4 + -3111?
-3115
In base 9, what is -1 - -30?
28
In base 14, what is 118 + -3?
115
In base 2, what is -101 - -11010000000?
11001111011
In base 14, what is 9 - 29?
-20
In base 3, what is 11 + 2110101?
2110112
In base 14, what is 4 + 11?
15
In base 16, what is -5 + -928?
-92d
In base 13, what is -37a + 0?
-37a
In base 14, what is 207 - -21?
228
In base 2, what is -1001 + -101101?
-110110
In base 11, what is -6 - -27?
21
In base 15, what is -3e + -2e?
-6d
In base 5, what is 10 - 11113?
-11103
In base 6, what is 1222 + 3?
1225
In base 9, what is -7 - 6?
-14
In base 15, what is -78 + 2?
-76
In base 13, what is 0 - -1971?
1971
In base 15, what is -2 - -58?
56
In base 5, what is -11 + -24243?
-24304
In base 4, what is -12211 - -10?
-12201
In base 6, what is -312 - 44?
-400
In base 11, what is -3 + 5?
2
In base 8, what is -5 - -2562?
2555
In base 8, what is 1 - 20?
-17
In base 7, what is 3 - 3?
0
In base 13, what is -126 + 4?
-122
In base 2, what is 100 - 100001110?
-100001010
In base 5, what is 234 + 4?
243
In base 15, what is 2 - 2c2?
-2c0
In base 14, what is -8a + 5?
-85
In base 11, what is -9 - 10?
-19
In base 12, what is 9 - 34?
-27
In base 13, what is 5 - -16?
1b
In base 3, what is 1112001 + -1?
1112000
In base 8, what is -4 + -1157?
-1163
In base 9, what is -38 + -31?
-70
In base 8, what is 11 + 12?
23
In base 12, what is 93a - 0?
93a
In base 11, what is 282 - -5?
287
In base 12, what is 6 - -1b?
25
In base 2, what is -110 - 1110?
-10100
In base 11, what is 11 + 108?
119
In base 5, what is 100 + -12?
33
In base 7, what is 2 - -2204?
2206
In base 8, what is -13 - 60?
-73
In base 3, what is 0 + -21020?
-21020
In base 6, what is -141 + -42?
-223
In base 16, what is 2 + -5a5?
-5a3
In base 6, what is -520 + -11?
-531
In base 8, what is -1425 + 3?
-1422
In base 5, what is -20 + 2200?
2130
In base 3, what is 2 + 1122?
1201
In base 2, what is -110011 - 101100?
-1011111
In base 3, what is 1210011 - 2?
1210002
In base 9, what is 7 + 1602?
1610
In base 7, what is 3030 + 3?
3033
In base 11, 